s of 718?
2, 359
List the prime factors of 15118.
2, 7559
What are the prime factors of 5249?
29, 181
What are the prime factors of 884?
2, 13, 17
List the prime factors of 6030.
2, 3, 5, 67
List the prime factors of 2571.
3, 857
List the prime factors of 38103.
3, 13, 977
What are the prime factors of 6623?
37, 179
List the prime factors of 1705.
5, 11, 31
List the prime factors of 72513.
3, 7, 1151
List the prime factors of 4503.
3, 19, 79
What are the prime factors of 13597?
13597
List the prime factors of 63510.
2, 3, 5, 29, 73
List the prime factors of 30271.
30271
List the prime factors of 14765.
5, 2953
What are the prime factors of 45?
3, 5
What are the prime factors of 71812?
2, 13, 1381
What are the prime factors of 904?
2, 113
What are the prime factors of 2818?
2, 1409
What are the prime factors of 9341?
9341
What are the prime factors of 603?
3, 67
List the prime factors of 31666.
2, 71, 223
List the prime factors of 67861.
79, 859
What are the prime factors of 19661?
19661
List the prime factors of 3689.
7, 17, 31
List the prime factors of 11.
11
List the prime factors of 146.
2, 73
What are the prime factors of 19774?
2, 9887
List the prime factors of 89541.
3, 9949
List the prime factors of 20474.
2, 29, 353
List the prime factors of 2666.
2, 31, 43
What are the prime factors of 8471?
43, 197
What are the prime factors of 21304?
2, 2663
What are the prime factors of 78661?
11, 7151
What are the prime factors of 1292?
2, 17, 19
List the prime factors of 25347.
3, 7, 17, 71
What are the prime factors of 4413?
3, 1471
List the prime factors of 2057.
11, 17
List the prime factors of 23148.
2, 3, 643
List the prime factors of 16748.
2, 53, 79
List the prime factors of 3345.
3, 5, 223
List the prime factors of 3945.
3, 5, 263
List the prime factors of 2799.
3, 311
List the prime factors of 15419.
17, 907
List the prime factors of 971.
971
List the prime factors of 35102.
2, 17551
What are the prime factors of 1206?
2, 3, 67
List the prime factors of 261.
3, 29
List the prime factors of 8074.
2, 11, 367
What are the prime factors of 849?
3, 283
What are the prime factors of 23574?
2, 3, 3929
What are the prime factors of 641?
641
List the prime factors of 2786.
2, 7, 199
List the prime factors of 7557.
3, 11, 229
What are the prime factors of 413?
7, 59
What are the prime factors of 125750?
2, 5, 503
List the prime factors of 119.
7, 17
What are the prime factors of 590?
2, 5, 59
What are the prime factors of 6113?
6113
List the prime factors of 100.
2, 5
What are the prime factors of 720?
2, 3, 5
List the prime factors of 3900.
2, 3, 5, 13
What are the prime factors of 28863?
3, 1069
What are the prime factors of 61100?
2, 5, 13, 47
What are the prime factors of 354?
2, 3, 59
List the prime factors of 37973.
13, 23, 127
What are the prime factors of 139824?
2, 3, 971
What are the prime factors of 1767?
3, 19, 31
List the prime factors of 2140.
2, 5, 107
List the prime factors of 7469.
7, 11, 97
What are the prime factors of 4840?
2, 5, 11
List the prime factors of 14796.
2, 3, 137
What are the prime factors of 12695?
5, 2539
List the prime factors of 1591.
37, 43
What are the prime factors of 14835?
3, 5, 23, 43
List the prime factors of 7131.
3, 2377
List the prime factors of 1521.
3, 13
List the prime factors of 11991.
3, 7, 571
List the prime factors of 97.
97
What are the prime factors of 15521?
11, 17, 83
List the prime factors of 1353.
3, 11, 41
What are the prime factors of 3989?
3989
What are the prime factors of 45346?
2, 7, 41, 79
List the prime factors of 868.
2, 7, 31
List the prime factors of 55143.
3, 11, 557
List the prime factors of 3609.
3, 401
What are the prime factors of 3690?
2, 3, 5, 41
List the prime factors of 6.
2, 3
List the prime factors of 981.
3, 109
What are the prime factors of 30190?
2, 5, 3019
What are the prime factors of 8937?
3, 331
What are the prime factors of 5995?
5, 11, 109
What are the prime factors of 2360?
2, 5, 59
What are the prime factors of 139681?
139681
List the prime factors of 997.
997
List the prime factors of 2143.
2143
What are the prime factors of 9388?
2, 2347
What are the prime factors of 769?
769
List the prime factors of 10019.
43, 233
What are the prime factors of 18954?
2, 3, 13
What are the prime factors of 5645?
5, 1129
What are the prime factors of 28812?
2, 3, 7
List the prime factors of 31400.
2, 5, 157
What are the prime factors of 2351?
2351
List the prime factors of 330.
2, 3, 5, 11
List the prime factors of 18927.
3, 701
List the prime factors of 3422.
2, 29, 59
List the prime factors of 921.
3, 307
List the prime factors of 170.
2, 5, 17
What are the prime factors of 2056?
2, 257
What are the prime factors of 2308?
2, 577
List the prime factors of 2550.
2, 3, 5, 17
List the prime factors of 13024.
2, 11, 37
List the prime factors of 594.
2, 3, 11
List the prime factors of 489.
3, 163
What are the prime factors of 44921?
29, 1549
What are the prime factors of 113?
113
List the prime factors of 2651.
11, 241
List the prime factors of 1800.
2, 3, 5
List the prime factors of 316.
2, 79
List the prime factors of 135.
3, 5
List the prime factors of 3916.
2, 11, 89
What are the prime factors of 33499?
139, 241
What are the prime factors of 1064?
2, 7, 19
What are the prime factors of 1227?
3, 409
List the prime factors of 7362.
2, 3, 409
List the prime factors of 53680.
2, 5, 11, 61
List the prime factors of 2804.
2, 701
What are the prime factors of 28262?
2, 13, 1087
What are the prime factors of 4254?
2, 3, 709
What are the prime factors of 10148?
2, 43, 59
List the prime factors of 788.
2, 197
What are the prime factors of 19747?
7, 13, 31
What are the prime factors of 12039?
3, 4013
What are the prime factors of 1220?
2, 5, 61
List the prime factors of 3721.
61
List the prime factors of 4366.
2, 37, 59
List the prime factors of 26168.
2, 3271
What are the prime factors of 116019?
3, 4297
What are the prime factors of 503?
503
List the prime factors of 8194.
2, 17, 241
List the prime factors of 654.
2, 3, 109
List the prime factors of 7485.
3, 5, 499
List the prime factors of 3015.
3, 5, 67
List the prime factors of 18016.
2, 563
What are the prime factors of 119004?
2, 3, 47, 211
List the prime factors of 2924.
2, 17, 43
List the prime factors of 5905.
5, 1181
List the prime factors of 25397.
109, 233
List the prime factors of 30870.
2, 3, 5, 7
List the prime factors of 18888.
2, 3, 787
List the prime factors of 1051.
1051
What are the prime factors of 1596?
2, 3, 7, 19
What are the prime factors of 4660?
2, 5, 233
List the prime factors of 2285.
5, 457
What are the prime factors of 645?
3, 5, 43
What are the prime factors of 1773?
3, 197
List the prime factors of 20092.
2, 5023
What are the prime factors of 13177?
13177
List the prime factors of 4515.
3, 5, 7, 43
What are the prime factors of 1734?
2, 3, 17
List the prime factors of 1504.
2, 47
What are the prime factors of 5682?
2, 3, 947
What are the prime factors of 110679?
3, 79, 467
List the prime factors of 1315.
5, 263
What are the prime factors of 4693?
13, 19
List the prime factors of 885.
3, 5, 59
List the prime factors of 49690.
2, 5, 4969
List the prime factors of 13733.
31, 443
List the prime factors of 3793.
3793
What are the prime factors of 76054?
2, 11, 3457
List the prime factors of 8731.
8731
List the prime factors of 24069.
3, 71, 113
What are the prime factors of 76464?
2, 3, 59
List the prime factors of 39771.
3, 491
List the prime factors of 1318.
2, 659
What are the prime factors of 1766?
2, 883
List the prime factors of 23.
23
List the prime factors of 19084.
2, 13, 367
What are the prime factors of 1634?
2, 19, 43
List the prime factors of 2097.
3, 233
List the prime factors of 1170.
2, 3, 5, 13
What are the prime factors of 48681?
3, 601
List the prime factors of 14053.
13, 23, 47
What are the prime factors of 26406?
2, 3, 163
List the prime factors of 1975.
5, 79
What are the prime factors of 3504?
2, 3, 73
What are the prime factors of 412?
2, 103
List the prime factors of 2228.
2, 557
List the prime factors of 147475.
5, 17, 347
What are the prime factors of 718?
2, 359
List the prime factors of 1412.
2, 353
What are the prime factors of 5560?
2, 5, 139
What are the prime factors